y + 0*y + 374 = 5*q, -2*y - 146 = -2*q. Let t = -41 + q. What is the units digit of t?
5
Let r(c) = 5 + 8*c - 15 - c**2 + c. What is the units digit of r(7)?
4
Suppose 0 = -5*u + u - 3*l + 87, 0 = -u - l + 21. Suppose -x + u = 5*a, 5 = 5*x - 15. What is the units digit of a?
4
Let v = 5 - -3. Let c(n) = n**3 - 8*n**2 + n - 3. What is the units digit of c(v)?
5
Suppose -5*r = -2*r - 2*u - 906, 3*u = -4*r + 1191. What is the hundreds digit of r?
3
Suppose 449 = 2*x + 65. What is the units digit of x?
2
Suppose -3*l + 10 = -4*x + 21, -5*l + 25 = 2*x. Suppose -l*n + 4*w = -10, -n + 5*n + w = 7. What is the units digit of n?
2
Let d = 4 - 2. Suppose -3*u + 5 = d. What is the units digit of u?
1
Suppose -2*j = 2*l - 92, 2*j - l = -2*j + 184. What is the units digit of j?
6
Let m = -66 + 148. What is the units digit of m?
2
Suppose 0 = -3*u - c - 10, -16 = -2*u - c + 6*c. Let s be (-3)/(u + (-15)/(-9)). Suppose -i + s = -0. What is the units digit of i?
9
Suppose 2*r - 60 = -r. Suppose -25 - r = -5*h. Suppose h = s - 2*l - 2, -s - 3 = 5*l. What is the units digit of s?
7
Let o(w) = w + 2. Let c be o(2). Let k(s) = -s**3 + 5*s**2 - 5*s + 5. What is the units digit of k(c)?
1
Suppose -m + 18 - 4 = 0. What is the units digit of m?
4
Suppose 532 = 9*g - 5*g. What is the hundreds digit of g?
1
Suppose 4*k - 3*k - 15 = 0. What is the tens digit of k?
1
Suppose -n - 3*t - 1 = -14, 0 = n + 5*t - 21. Suppose 6*v - 2*v - n = -r, 3*v = 3*r + 12. What is the units digit of 14/4*v*2?
7
Let p be (-1 + 0)/1*0. Suppose 4*y + 2 = -18, 2*y + 20 = 5*j. Suppose p = -l + j*l - 5*o - 18, 6 = -3*o. What is the units digit of l?
8
Let a(i) = -i**3 + 6*i**2 - 4*i. Let l be a(5). Suppose -3 = -2*f + l. Suppose 2*s + f - 8 = 0. What is the units digit of s?
2
Let l = -6 - -9. Suppose -4*v = -3*m + v + 55, l*v + 36 = 2*m. What is the units digit of m?
5
Suppose 0 = -5*k + 10, -4*w = -5*k + 4*k + 62. Let l = 25 + w. What is the units digit of l?
0
Suppose -s = -1, 2*q + 2*s = -2*q + 10. Suppose -2 = -q*h - 0. Suppose -m + 10 + h = 0. What is the units digit of m?
1
Let i be (-6)/10 - (-4)/(-10). Let w be (10/(-2))/i*1. Suppose -37 - 13 = -w*j. What is the tens digit of j?
1
Let m(p) = -22*p - 16. Let t be m(-3). Let a = -8 + 13. Suppose 24 - 64 = -a*r - 3*s, -5*r - 5*s = -t. What is the units digit of r?
5
What is the tens digit of 6/27 - 284/(-18)?
1
Let g = 22 + 23. Suppose 0 = -7*c + 2*c + g. What is the units digit of c/(-6)*-3*2?
9
Suppose -3*b + 1 + 9 = -4*p, -p - 1 = 0. Suppose -2 = 2*k + 4*o, 7 = 2*k - 3*k + 4*o. What is the tens digit of 12*(-2)/k + b?
1
Let n = 51 + 9. What is the tens digit of n?
6
Let w = -105 + 183. What is the units digit of w?
8
Suppose 4*c = -0*c + 44. Suppose -o = 2*u - c, -2*o = -7*o - u + 28. What is the units digit of o?
5
Suppose 2*j + 8 = u, -j - 18 = -3*u + 6. What is the units digit of u?
8
Let t be 12/5 + (-2)/5. Suppose 4*a + a - 68 = -4*c, 0 = t*c + 5*a - 44. What is the tens digit of c?
1
Suppose -17 = -4*c - 5. Let p = c + 6. What is the units digit of p?
9
Suppose 5 + 0 = -5*i, 3*n = i + 1. Suppose n = -2*o - o + 39. What is the tens digit of o?
1
Let y be (-4)/(-14) + 38/14. Suppose -y = -d + 2. Suppose -3*c = -d*v + 16, -2*v = -c - 2*c - 1. What is the units digit of c?
3
Suppose 2*g + 18 = -0*g. Let b = -16 - g. Let v = 8 + b. What is the units digit of v?
1
Suppose 2*k - 6*k + 5*j + 211 = 0, j + 269 = 5*k. What is the units digit of k?
4
Let y = -13 + 10. Let z = y - -12. What is the units digit of z?
9
Let j(s) = -s**3 + 8*s**2 + 2*s + 3. Let h(d) = d**3 - 9*d**2 - 2*d - 4. Let g(q) = 4*h(q) + 5*j(q). What is the units digit of g(4)?
7
Suppose i - 2*i - 4 = 0. Let k(g) = -4*g - 6. What is the tens digit of k(i)?
1
Let f(c) = -122*c - 15. What is the hundreds digit of f(-2)?
2
Let p = -12 + 30. Let y = -13 + p. Suppose -3*b + 2*b + 4*l = -11, -3*l - 21 = -y*b. What is the units digit of b?
3
Suppose 2*z + 20 = -3*u, -5*z = u + 5 + 19. Let l(r) = -7*r - 19. Let b(o) = 4*o + 10. Let k(w) = -5*b(w) - 3*l(w). What is the units digit of k(u)?
3
Let q = 5 + -9. Let c(z) = -z**3 + 6*z**2 - 2*z + 9. Let n be c(6). Let r = n - q. What is the units digit of r?
1
What is the tens digit of -1*2/(-4) - 1245/(-30)?
4
Let m = -14 - -23. Let o = m - 6. Let r = 5 - o. What is the units digit of r?
2
Let d be 6/(-9)*(-6)/(-4). What is the tens digit of (d - -2 - 2) + 16?
1
Suppose -5*o + 82 = -3*v + 592, -341 = -2*v + 3*o. Suppose -7*u + 2*u = -v. What is the units digit of u?
5
Let n(m) = -2*m**2 - 4*m**2 + 6*m**2 + 10*m - m**2. What is the units digit of n(8)?
6
What is the units digit of 458/8 - (-5)/(-20)?
7
Let b(g) = 3*g**2 + g**2 - 2*g**2 - 1 - g**2. What is the units digit of b(-3)?
8
Let g(s) = s**2 + s - 2. Let q be g(2). Let f(n) = n**2 - 3*n + 1. What is the units digit of f(q)?
5
Suppose 5*u = -0 - 10. Let m be (u - 1) + (1 - -1). What is the units digit of 3 - (3 + -1) - m?
2
Let v be (-4)/(-14) - (-1749)/77. Suppose v = 5*m - 22. Let z(i) = i + 11. What is the tens digit of z(m)?
2
Let a(b) = b**2 + b - 2. What is the units digit of a(-3)?
4
Let d = -6 - -10. Suppose 5 = d*p - 7. Let f = 3 + p. What is the units digit of f?
6
Let u(j) = -23*j + 21. Let m(l) = -11*l + 10. Let c(p) = -13*m(p) + 6*u(p). Let y be c(-7). Let r = 56 + y. What is the tens digit of r?
1
Let w(q) = -2*q - 1. What is the units digit of w(-14)?
7
Let k be -1 + 3 - 6/(-2). Let o = k + -4. Suppose -16 + o = -v. What is the tens digit of v?
1
Suppose 3*h = 5*t + 6 + 80, -5*h + 190 = t. What is the units digit of h?
7
Suppose n + 60 = -4*r - 3*n, -3*n = -4*r - 53. What is the units digit of 1*(-3)/(6/r)?
7
Let t = 86 - 61. What is the tens digit of t?
2
Let b(a) = -a**2 - 11*a - 11. Let d be b(-10). What is the units digit of (d + -12)*(-8 - -7)?
3
Suppose 3*x + 2*l = 776, 5*l = -x + 2*x - 236. What is the units digit of x?
6
Suppose -2*j + 3*j = -3. Let a be (-1)/j + 8/3. Suppose 2*k + 24 = 5*w, a*k + 2 = w - 8. What is the units digit of w?
4
Suppose 2*w = 5 - 1. Suppose 0 = -z - 4*x, -w*z = 2*z + x - 45. What is the tens digit of z?
1
Suppose 5*a - 22 + 2 = 0. Let s be (1/2)/(-1)*0. Suppose a*r = -s*r + 20. What is the units digit of r?
5
Let x = -24 + 27. Suppose -n - 22 = -x*n. What is the units digit of n?
1
Suppose -4*a + 37 = -39. What is the units digit of a?
9
What is the units digit of 15/(-10)*7/((-42)/20)?
5
Let j(u) = -2*u**2 - 2*u + 6. Let z be j(4). What is the units digit of (119/z)/((-1)/2)?
7
Suppose 2*a = 188 - 36. What is the units digit of a?
6
Suppose -75 = q - 6*q + 4*n, 5*q + 3*n = 40. Let k = q - 8. What is the units digit of k?
3
Let g be 0/(-1 - (-5 - -3)). Suppose 2*a - 6*a + 36 = g. What is the units digit of a?
9
Let a(u) = -2*u**2 + 10*u - 2. Let p be a(5). Let d be -2 + (4 - 2) + 16. What is the units digit of (d/(-40))/(p/20)?
4
Suppose 3*f + 56 = 5*x, 15 = -5*x - 3*f + 89. Suppose 3*u = 47 + x. What is the units digit of u?
0
Suppose -5*h + 25 = -j - 4*j, 3*h = 5*j + 17. Suppose h*v = 4, 3*y - v - 12 = -4*v. What is the units digit of y?
3
Let w = 20 + 125. What is the units digit of w?
5
Suppose y + 47 = -2*l - 3, -2*l + 174 = -3*y. Let f be 16/y + 270/14. What is the units digit of f - (-5)/((-5)/2)?
7
Let m(k) = -k**3 - 6*k**2 - 2*k + 6. Let h be m(-5). Let v(x) = x**3 + 10*x**2 + 7*x + 12. What is the tens digit of v(h)?
3
Let g be (-18)/(-27)*(-3)/(-1). Let r = 15 - g. What is the units digit of r?
3
Let o(m) = -m + 1. Let x(i) = 2*i + 5. Let w be x(-4). Let c be o(w). Suppose 5 = c*b - 27. What is the units digit of b?
8
Suppose 4*i = 3*o + 1363, 0*o = 5*o + 5. What is the units digit of i?
0
Suppose -2*i = -47 - 21. What is the units digit of i?
4
Suppose -549 = -4*c - 5*c. What is the units digit of c?
1
Suppose -2*p + 40 - 6 = 0. What is the tens digit of p?
1
What is the units digit of 2/(-2) + 189 + 1?
9
What is the units digit of (30/(-25))/(2/(-50))?
0
Let m = 8 - 6. Suppose -13 = m*p - 45. What is the units digit of p?
6
Let x be 8 + -26 + (-2)/(-1). Let q = 24 + x. What is the units digit of q?
8
What is the units digit of 308/4*1 - (0 - 0)?
7
Suppose -d + 86 = 32. What is the tens digit of d?
5
Let f(m) = m**3 - 3*m**2 + m. Let k be f(3). Suppose 2*a = a + k. What is the units digit of a?
3
Let f = 1 - 4. Le